 and 17988542.
286
Calculate the highest common divisor of 2332 and 5159868.
212
Calculate the highest common divisor of 24 and 1380892548.
12
What is the highest common divisor of 2702656 and 6413?
121
Calculate the highest common factor of 238 and 89637226.
238
Calculate the greatest common divisor of 46200 and 38185.
35
What is the highest common factor of 476 and 5270902?
14
Calculate the highest common factor of 624 and 365119456.
208
What is the highest common divisor of 1843904 and 4700?
188
Calculate the greatest common factor of 1850136 and 28956.
1524
Calculate the highest common factor of 232332 and 29868.
228
What is the greatest common divisor of 12765 and 14852910?
555
Calculate the highest common divisor of 437066301 and 282.
141
Calculate the greatest common divisor of 8771520 and 165.
15
Calculate the highest common divisor of 613001291 and 67.
67
Calculate the greatest common divisor of 60 and 135638.
2
What is the greatest common divisor of 1806 and 27481818?
42
Calculate the greatest common factor of 13961318 and 119.
119
What is the greatest common divisor of 40898529 and 315?
63
Calculate the highest common factor of 200 and 1958760.
40
Calculate the highest common factor of 693 and 537222.
21
What is the highest common divisor of 72816 and 145964112?
1776
What is the highest common factor of 18 and 223798?
2
Calculate the greatest common divisor of 1026777 and 4779.
177
Calculate the greatest common divisor of 2416 and 335507504.
2416
What is the highest common factor of 216734691 and 114?
57
Calculate the greatest common divisor of 1409302 and 14.
2
What is the highest common factor of 3756879 and 909?
9
What is the greatest common divisor of 39101525 and 526?
263
Calculate the greatest common factor of 56 and 40008.
8
What is the highest common factor of 12317728 and 64?
32
Calculate the greatest common divisor of 4020 and 26303820.
60
Calculate the greatest common divisor of 196741 and 12877.
163
Calculate the highest common factor of 2275 and 15136849.
91
Calculate the greatest common divisor of 129 and 143955228.
129
What is the highest common factor of 36 and 5184808?
4
Calculate the highest common factor of 2588014 and 4.
2
Calculate the greatest common factor of 262041600 and 20000.
800
What is the greatest common factor of 206958108 and 31?
31
What is the highest common factor of 839739490 and 10?
10
Calculate the greatest common factor of 3993 and 2473482.
363
What is the highest common divisor of 1417 and 219843?
13
What is the highest common factor of 313755 and 624?
39
What is the greatest common factor of 4518536 and 12?
4
What is the greatest common divisor of 3 and 2057365?
1
Calculate the highest common divisor of 557 and 26962699.
557
Calculate the greatest common factor of 52293408 and 272.
16
Calculate the highest common factor of 520178742 and 18.
18
What is the greatest common factor of 475 and 2543200?
25
What is the greatest common divisor of 31415 and 2596630?
515
Calculate the highest common factor of 21452143 and 41.
41
What is the greatest common divisor of 575 and 72416075?
575
What is the greatest common divisor of 35329 and 1751309?
5047
What is the highest common divisor of 59071 and 9728?
19
What is the highest common factor of 666924396 and 1083?
1083
What is the greatest common divisor of 370000 and 15392?
592
What is the greatest common divisor of 10256 and 17056?
16
Calculate the greatest common divisor of 357594 and 249738.
642
Calculate the highest common divisor of 27 and 559426797.
27
Calculate the highest common divisor of 2976470 and 31108.
1414
What is the highest common factor of 77922119 and 6347?
6347
Calculate the greatest common factor of 259 and 1981.
7
Calculate the greatest common divisor of 1266 and 54690567.
633
Calculate the greatest common divisor of 4698369 and 22139.
169
Calculate the greatest common divisor of 30 and 103849530.
30
Calculate the greatest common divisor of 11441 and 323.
17
What is the highest common divisor of 5421331 and 9668?
2417
What is the greatest common divisor of 42474677 and 53?
53
What is the highest common factor of 31775636 and 5068?
724
What is the greatest common divisor of 2167557 and 6?
3
What is the highest common divisor of 1783008 and 307254?
246
What is the greatest common divisor of 18 and 397243071?
9
Calculate the highest common factor of 3460 and 502540.
20
Calculate the highest common divisor of 46170 and 1266030.
2430
What is the highest common factor of 8895188 and 804?
268
Calculate the greatest common divisor of 410684 and 43.
1
What is the greatest common divisor of 574638 and 21?
3
What is the highest common divisor of 31429 and 221189?
593
Calculate the highest common divisor of 13794 and 24086018.
242
Calculate the highest common factor of 520 and 230760.
40
Calculate the highest common factor of 7588 and 21629052.
1084
Calculate the highest common factor of 89093 and 73829.
53
Calculate the greatest common divisor of 60 and 6805305.
15
Calculate the highest common factor of 6638958 and 18.
18
Calculate the greatest common divisor of 2372646 and 1752.
438
Calculate the highest common factor of 2009 and 63260253.
287
Calculate the greatest common factor of 2118992 and 384.
16
Calculate the highest common divisor of 1426290 and 40.
10
Calculate the greatest common divisor of 81 and 490951044.
81
Calculate the highest common divisor of 5658072 and 408.
24
What is the highest common factor of 4571 and 209027?
7
What is the highest common divisor of 19850713 and 68?
17
Calculate the greatest common factor of 1366441480 and 2440.
2440
Calculate the highest common factor of 14677 and 1616728.
1129
What is the greatest common divisor of 173 and 58084923?
173
What is the greatest common divisor of 3138863 and 14833?
91
What is the greatest common factor of 9154 and 22983923?
23
Calculate the greatest common divisor of 12950 and 46880480.
370
Calculate the greatest common factor of 3040 and 269116.
76
Calculate the greatest common factor of 2070 and 186844410.
2070
Calculate the greatest common factor of 1836 and 47588040.
108
What is the greatest common factor of 17 and 68680731?
17
Calculate the greatest common factor of 602431 and 1.
1
What is the highest common divisor of 246120 and 899700?
60
What is the highest common divisor of 1991780 and 738?
82
Calculate the greatest common factor of 2100180 and 2784.
348
Calculate the highest common divisor of 808 and 12863966.
202
Calculate the greatest common factor of 4473370 and 44.
22
Calculate the greatest common divisor of 9042 and 135102.
66
What is the highest common factor of 124168904 and 552?
184
Calculate the greatest common divisor of 8195198 and 8041.
473
Calculate the greatest common factor of 762 and 1048893.
381
What is the greatest common factor of 818960 and 34640?
80
What is the greatest common divisor of 30168125 and 325?
325
Calculate the greatest common factor of 39335 and 95.
5
Calculate the highest common divisor of 10437760 and 4976.
16
Calculate the greatest common divisor of 14122 and 557129.
23
What is the greatest common divisor of 51761 and 9?
1
Calculate the highest common factor of 31763982 and 1332.
222
Calculate the greatest common factor of 56 and 134659.
7
Calculate the greatest common divisor of 47327202 and 117.
117
What is the highest common factor of 34128 and 24610080?
3792
What is the greatest common divisor of 228 and 91978924?
76
Calculate the greatest common factor of 262815 and 34909341.
7509
Calculate the highest common factor of 123443 and 5302501.
1387
Calculate the greatest common divisor of 1642290 and 20010.
30
Calculate the highest common factor of 12578716 and 7709.
593
Calculate the greatest common factor of 231 and 11454891.
21
Calculate the highest common divisor of 62117354 and 26605.
5321
What is the greatest common divisor of 202615 and 23177?
49
What is the greatest common divisor of 44695 and 95235?
35
What is the greatest common factor of 362852 and 7028?
28
What is the highest common factor of 27550 and 160360?
190
Calculate the highest common divisor of 1314700 and 2600.
100
What is the greatest common factor of 4364639 and 26104?
251
Calculate the greatest common factor of 13482533 and 494.
19
Calculate the g